{"id":3410,"date":"2022-06-15T09:42:28","date_gmt":"2022-06-15T07:42:28","guid":{"rendered":"https:\/\/masson-reunis.fr\/?page_id=3410"},"modified":"2024-07-03T01:28:30","modified_gmt":"2024-07-02T23:28:30","slug":"magasins-reunis-de-nancy-reconstruction-1926","status":"publish","type":"page","link":"https:\/\/masson-reunis.fr\/index.php\/magasins-reunis-de-nancy-reconstruction-1926\/","title":{"rendered":"Magasins R\u00e9unis de Nancy \u2013 heurs et malheurs"},"content":{"rendered":"\n<figure class=\"wp-block-image alignwide size-large\"><img loading=\"lazy\" decoding=\"async\" width=\"1024\" height=\"882\" src=\"https:\/\/masson-reunis.fr\/wp-content\/uploads\/2022\/08\/Exposition_internationale_de_lest_de_...Collin_E_bpt6k376224r-1024x882.jpeg\" alt=\"\" class=\"wp-image-4012\" srcset=\"https:\/\/masson-reunis.fr\/wp-content\/uploads\/2022\/08\/Exposition_internationale_de_lest_de_...Collin_E_bpt6k376224r-1024x882.jpeg 1024w, https:\/\/masson-reunis.fr\/wp-content\/uploads\/2022\/08\/Exposition_internationale_de_lest_de_...Collin_E_bpt6k376224r-300x259.jpeg 300w, https:\/\/masson-reunis.fr\/wp-content\/uploads\/2022\/08\/Exposition_internationale_de_lest_de_...Collin_E_bpt6k376224r-768x662.jpeg 768w, https:\/\/masson-reunis.fr\/wp-content\/uploads\/2022\/08\/Exposition_internationale_de_lest_de_...Collin_E_bpt6k376224r-1200x1034.jpeg 1200w, https:\/\/masson-reunis.fr\/wp-content\/uploads\/2022\/08\/Exposition_internationale_de_lest_de_...Collin_E_bpt6k376224r.jpeg 1223w\" sizes=\"auto, (max-width: 1024px) 100vw, 1024px\" \/><\/figure>\n\n\n\n<figure class=\"wp-block-image alignwide size-large\"><img loading=\"lazy\" decoding=\"async\" width=\"726\" height=\"1024\" src=\"https:\/\/masson-reunis.fr\/wp-content\/uploads\/2022\/07\/incendie_mr_1916-726x1024.jpg\" alt=\"\" class=\"wp-image-3761\" srcset=\"https:\/\/masson-reunis.fr\/wp-content\/uploads\/2022\/07\/incendie_mr_1916-726x1024.jpg 726w, https:\/\/masson-reunis.fr\/wp-content\/uploads\/2022\/07\/incendie_mr_1916-213x300.jpg 213w, https:\/\/masson-reunis.fr\/wp-content\/uploads\/2022\/07\/incendie_mr_1916-768x1083.jpg 768w, https:\/\/masson-reunis.fr\/wp-content\/uploads\/2022\/07\/incendie_mr_1916-1089x1536.jpg 1089w, https:\/\/masson-reunis.fr\/wp-content\/uploads\/2022\/07\/incendie_mr_1916-1452x2048.jpg 1452w, https:\/\/masson-reunis.fr\/wp-content\/uploads\/2022\/07\/incendie_mr_1916-1200x1692.jpg 1200w, https:\/\/masson-reunis.fr\/wp-content\/uploads\/2022\/07\/incendie_mr_1916.jpg 1800w\" sizes=\"auto, (max-width: 726px) 100vw, 726px\" \/><\/figure>\n\n\n\n<p>Les Magasins R\u00e9unis de Nancy furent compl\u00e8tement an\u00e9antis en une nuit de janvier 1916 par un incendie accidentel. L\u2019entreprise continua comme c\u2019est bien d\u00e9crit dans les r\u00e9cits ult\u00e9rieurs, provisoirement dans des immeubles rue Saint-Jean et rue Mazagran ; ce n\u2019est qu\u2019en 1926 que la reconstruction fut commenc\u00e9e, sous l\u2019impulsion \u00e9nergique de Charles Masson. En voici le t\u00e9moignage gr\u00e2ce \u00e0 des documents qui m\u2019ont \u00e9t\u00e9 transmis par Brigitte Hellio-Caquelin, cousine c\u00f4t\u00e9 Holveck.<\/p>\n\n\n\n<p>Vous trouverez ci-apr\u00e8s l&rsquo;article de l&rsquo;EST REPUBLICAIN de l&rsquo;\u00e9poque, 1926, qui reproduit notamment le discours de Charles Masson, ainsi que le Menu du banquet, au STANISLAS, chez Walter.<\/p>\n\n\n\n<figure class=\"wp-block-image alignwide size-full\"><img loading=\"lazy\" decoding=\"async\" width=\"549\" height=\"2560\" src=\"https:\/\/masson-reunis.fr\/wp-content\/uploads\/2022\/05\/De\u0301tails-sur-le-banquet-du-21-mars-1926-scaled.jpg\" alt=\"\" class=\"wp-image-3242\" srcset=\"https:\/\/masson-reunis.fr\/wp-content\/uploads\/2022\/05\/De\u0301tails-sur-le-banquet-du-21-mars-1926-scaled.jpg 549w, https:\/\/masson-reunis.fr\/wp-content\/uploads\/2022\/05\/De\u0301tails-sur-le-banquet-du-21-mars-1926-439x2048.jpg 439w, https:\/\/masson-reunis.fr\/wp-content\/uploads\/2022\/05\/De\u0301tails-sur-le-banquet-du-21-mars-1926-1200x5593.jpg 1200w\" sizes=\"auto, (max-width: 549px) 100vw, 549px\" \/><figcaption class=\"wp-element-caption\">lundi 22 mars 1926<\/figcaption><\/figure>\n\n\n\n<figure class=\"wp-block-image alignwide size-full\"><img loading=\"lazy\" decoding=\"async\" width=\"1800\" height=\"1127\" src=\"https:\/\/masson-reunis.fr\/wp-content\/uploads\/2022\/05\/Menu-du-banquet-du-21-mars-1926.jpg\" alt=\"\" class=\"wp-image-3243\" srcset=\"https:\/\/masson-reunis.fr\/wp-content\/uploads\/2022\/05\/Menu-du-banquet-du-21-mars-1926.jpg 1800w, https:\/\/masson-reunis.fr\/wp-content\/uploads\/2022\/05\/Menu-du-banquet-du-21-mars-1926-300x188.jpg 300w, https:\/\/masson-reunis.fr\/wp-content\/uploads\/2022\/05\/Menu-du-banquet-du-21-mars-1926-1024x641.jpg 1024w, https:\/\/masson-reunis.fr\/wp-content\/uploads\/2022\/05\/Menu-du-banquet-du-21-mars-1926-768x481.jpg 768w, https:\/\/masson-reunis.fr\/wp-content\/uploads\/2022\/05\/Menu-du-banquet-du-21-mars-1926-1536x962.jpg 1536w, https:\/\/masson-reunis.fr\/wp-content\/uploads\/2022\/05\/Menu-du-banquet-du-21-mars-1926-1200x751.jpg 1200w\" sizes=\"auto, (max-width: 1800px) 100vw, 1800px\" \/><\/figure>\n\n\n\n<p>Nouvelle catastrophe &#8230; le 4 d\u00e9cembre 1926, l&rsquo;immeuble pratiquement achev\u00e9 s&rsquo;\u00e9croule ! Il fallait \u00e0 Charles Masson et Eug\u00e8ne Corbin une \u00e9nergie incroyable pour recommencer et finalement ouvrir le nouveau magasin en 1928, tel que nous l&rsquo;avons connu jusque dans les ann\u00e9es 1970.<\/p>\n\n\n\n<div class=\"wp-block-group alignwide\"><div class=\"wp-block-group__inner-container is-layout-flow wp-block-group-is-layout-flow\"><\/div><\/div>\n\n\n\n<div data-wp-interactive=\"core\/file\" class=\"wp-block-file alignwide\"><object data-wp-bind--hidden=\"!state.hasPdfPreview\" hidden class=\"wp-block-file__embed\" data=\"https:\/\/masson-reunis.fr\/wp-content\/uploads\/2022\/07\/LImmeuble-et-la-construction-dans-lEst-puis-et-Bois-et-fore\u0302ts-de-lEst-re\u0301unis-LImmeuble_et_la_construction_dans_..._bpt6k5571886q.pdf\" type=\"application\/pdf\" style=\"width:100%;height:1410px\" aria-label=\"Contenu embarqu\u00e9 L&apos;Immeuble et la construction dans l&apos;Est [ puis et Bois et fore\u0302ts de l&apos;Est re\u0301unis] - L&apos;Immeuble_et_la_construction_dans_[...]_bpt6k5571886q.\"><\/object><a id=\"wp-block-file--media-78b541f4-d6c1-4cec-98b7-9620b0e396b2\" href=\"https:\/\/masson-reunis.fr\/wp-content\/uploads\/2022\/07\/LImmeuble-et-la-construction-dans-lEst-puis-et-Bois-et-fore\u0302ts-de-lEst-re\u0301unis-LImmeuble_et_la_construction_dans_..._bpt6k5571886q.pdf\">L&rsquo;Immeuble et la construction dans l&rsquo;Est [ puis et Bois et fore\u0302ts de l&rsquo;Est re\u0301unis] &#8211; L&rsquo;Immeuble_et_la_construction_dans_[&#8230;]_bpt6k5571886q<\/a><a href=\"https:\/\/masson-reunis.fr\/wp-content\/uploads\/2022\/07\/LImmeuble-et-la-construction-dans-lEst-puis-et-Bois-et-fore\u0302ts-de-lEst-re\u0301unis-LImmeuble_et_la_construction_dans_..._bpt6k5571886q.pdf\" class=\"wp-block-file__button wp-element-button\" download aria-describedby=\"wp-block-file--media-78b541f4-d6c1-4cec-98b7-9620b0e396b2\">T\u00e9l\u00e9charger<\/a><\/div>\n\n\n\n<div data-wp-interactive=\"core\/file\" class=\"wp-block-file alignwide\"><object data-wp-bind--hidden=\"!state.hasPdfPreview\" hidden class=\"wp-block-file__embed\" data=\"https:\/\/masson-reunis.fr\/wp-content\/uploads\/2022\/07\/LImmeuble_et_la_construction_dans_..._bpt6k5571886q.pdf\" type=\"application\/pdf\" style=\"width:100%;height:1460px\" aria-label=\"Contenu embarqu\u00e9 L&apos;Immeuble_et_la_construction_dans_[...]_bpt6k5571886q.\"><\/object><a id=\"wp-block-file--media-8a071d5b-2fa5-49a5-8634-05ce6e2ebf44\" href=\"https:\/\/masson-reunis.fr\/wp-content\/uploads\/2022\/07\/LImmeuble_et_la_construction_dans_..._bpt6k5571886q.pdf\">L&rsquo;Immeuble_et_la_construction_dans_[&#8230;]_bpt6k5571886q<\/a><a href=\"https:\/\/masson-reunis.fr\/wp-content\/uploads\/2022\/07\/LImmeuble_et_la_construction_dans_..._bpt6k5571886q.pdf\" class=\"wp-block-file__button wp-element-button\" download aria-describedby=\"wp-block-file--media-8a071d5b-2fa5-49a5-8634-05ce6e2ebf44\">T\u00e9l\u00e9charger<\/a><\/div>\n\n\n\n<figure class=\"wp-block-image alignwide size-full\"><img loading=\"lazy\" decoding=\"async\" width=\"969\" height=\"619\" src=\"https:\/\/masson-reunis.fr\/wp-content\/uploads\/2022\/07\/mag-re\u0301unis-Nancy.jpg\" alt=\"\" class=\"wp-image-3764\" srcset=\"https:\/\/masson-reunis.fr\/wp-content\/uploads\/2022\/07\/mag-re\u0301unis-Nancy.jpg 969w, https:\/\/masson-reunis.fr\/wp-content\/uploads\/2022\/07\/mag-re\u0301unis-Nancy-300x192.jpg 300w, https:\/\/masson-reunis.fr\/wp-content\/uploads\/2022\/07\/mag-re\u0301unis-Nancy-768x491.jpg 768w\" sizes=\"auto, (max-width: 969px) 100vw, 969px\" \/><figcaption class=\"wp-element-caption\">MR Nancy vers 1950 angle rue Mazagran et Foch, avec tout \u00e0 fait \u00e0 droite la tourelle de la Banque, place Maginot, apr\u00e8s le d\u00e9but de la rue Poirel.<\/figcaption><\/figure>\n\n\n\n<p><strong>Finalement, on comprend que les nanc\u00e9iens aient rechign\u00e9 devant ce mastodonte de b\u00e9ton arm\u00e9, \u00e9rig\u00e9 en 1928, en lieu et place de l&rsquo;\u00e9l\u00e9gant b\u00e2timent aux tourelles d&rsquo;angles, entr\u00e9e \u00ab\u00a0ailes de papillon\u00a0\u00bb, en haut de la rue Saint&#8211;Jean et \u00e0 l&rsquo;entr\u00e9e aux cariatides \u00ab\u00a0Art Nouveau\u00a0\u00bb, du 8 rue Mazagran du d\u00e9but du XX\u00e8 si\u00e8cle ! <\/strong><\/p>\n\n\n\n<figure class=\"wp-block-image alignwide size-full\"><img loading=\"lazy\" decoding=\"async\" width=\"725\" height=\"527\" src=\"https:\/\/masson-reunis.fr\/wp-content\/uploads\/2022\/07\/cariatides.jpg\" alt=\"\" class=\"wp-image-3777\" srcset=\"https:\/\/masson-reunis.fr\/wp-content\/uploads\/2022\/07\/cariatides.jpg 725w, https:\/\/masson-reunis.fr\/wp-content\/uploads\/2022\/07\/cariatides-300x218.jpg 300w\" sizes=\"auto, (max-width: 725px) 100vw, 725px\" \/><figcaption class=\"wp-element-caption\">Entr\u00e9e \u00ab\u00a0aux Cariatides du 8 rue Mazagran\u00a0\u00bb en pan coup\u00e9 avec la Place Thiers.<\/figcaption><\/figure>\n\n\n\n<figure class=\"wp-block-image alignwide size-large\"><img loading=\"lazy\" decoding=\"async\" width=\"829\" height=\"1024\" src=\"https:\/\/masson-reunis.fr\/wp-content\/uploads\/2022\/07\/magasinreunis1_1680x2075-829x1024.jpg\" alt=\"\" class=\"wp-image-3769\" srcset=\"https:\/\/masson-reunis.fr\/wp-content\/uploads\/2022\/07\/magasinreunis1_1680x2075-829x1024.jpg 829w, https:\/\/masson-reunis.fr\/wp-content\/uploads\/2022\/07\/magasinreunis1_1680x2075-243x300.jpg 243w, https:\/\/masson-reunis.fr\/wp-content\/uploads\/2022\/07\/magasinreunis1_1680x2075-768x949.jpg 768w, https:\/\/masson-reunis.fr\/wp-content\/uploads\/2022\/07\/magasinreunis1_1680x2075-1244x1536.jpg 1244w, https:\/\/masson-reunis.fr\/wp-content\/uploads\/2022\/07\/magasinreunis1_1680x2075-1658x2048.jpg 1658w, https:\/\/masson-reunis.fr\/wp-content\/uploads\/2022\/07\/magasinreunis1_1680x2075-1200x1482.jpg 1200w, https:\/\/masson-reunis.fr\/wp-content\/uploads\/2022\/07\/magasinreunis1_1680x2075.jpg 1680w\" sizes=\"auto, (max-width: 829px) 100vw, 829px\" \/><figcaption class=\"wp-element-caption\">Entr\u00e9e \u00ab\u00a0Ailes de Papillons\u00a0\u00bb angle rues du Faubourg St Jean et Poirel<\/figcaption><\/figure>\n","protected":false},"excerpt":{"rendered":"<p>Les Magasins R\u00e9unis de Nancy furent compl\u00e8tement an\u00e9antis en une nuit de janvier 1916 par un incendie accidentel. L\u2019entreprise continua comme c\u2019est bien d\u00e9crit dans les r\u00e9cits ult\u00e9rieurs, provisoirement dans [&hellip;]<\/p>\n","protected":false},"author":1,"featured_media":0,"parent":0,"menu_order":0,"comment_status":"closed","ping_status":"closed","template":"","meta":{"footnotes":""},"class_list":["post-3410","page","type-page","status-publish","hentry"],"_links":{"self":[{"href":"https:\/\/masson-reunis.fr\/index.php\/wp-json\/wp\/v2\/pages\/3410","targetHints":{"allow":["GET"]}}],"collection":[{"href":"https:\/\/masson-reunis.fr\/index.php\/wp-json\/wp\/v2\/pages"}],"about":[{"href":"https:\/\/masson-reunis.fr\/index.php\/wp-json\/wp\/v2\/types\/page"}],"author":[{"embeddable":true,"href":"https:\/\/masson-reunis.fr\/index.php\/wp-json\/wp\/v2\/users\/1"}],"replies":[{"embeddable":true,"href":"https:\/\/masson-reunis.fr\/index.php\/wp-json\/wp\/v2\/comments?post=3410"}],"version-history":[{"count":36,"href":"https:\/\/masson-reunis.fr\/index.php\/wp-json\/wp\/v2\/pages\/3410\/revisions"}],"predecessor-version":[{"id":4616,"href":"https:\/\/masson-reunis.fr\/index.php\/wp-json\/wp\/v2\/pages\/3410\/revisions\/4616"}],"wp:attachment":[{"href":"https:\/\/masson-reunis.fr\/index.php\/wp-json\/wp\/v2\/media?parent=3410"}],"curies":[{"name":"wp","href":"https:\/\/api.w.org\/{rel}","templated":true}]}}